ose 6*z = 18*z - 48. Suppose h + z*i - 37 = 85, -d*i = 2*h - 256. List the prime factors of h.
2, 67
Let c = -31 + 36. Suppose -4*t - 359 = 5*k, -335 = -t + c*t - 3*k. Let g = -80 - t. List the prime factors of g.
2, 3
Suppose 0 = 8*n - 19870 + 5175 - 23905. What are the prime factors of n?
5, 193
Let r(m) = m**3 - 6*m**2 + 10*m + 10. Let i be (0 + -1)*1 + 3 + 7. Let d be r(i). Suppose 3*q - 2*g - d = 58, 0 = -4*q - 2*g + 544. List the prime factors of q.
3, 5
Let d(n) = n**3 - 2*n**2 - 2*n + 1. Let k be d(2). List the prime factors of (-6)/k - (1 - 906).
907
Suppose x = -j + 2*j + 18, 0 = 3*x + 5*j - 86. Suppose -4*h = p - 1576, -5*h = -26*p + x*p - 1991. What are the prime factors of h?
5, 79
Let s(t) = -30*t + 2. Let c be s(-1). List the prime factors of c/20 - (-2)/5 - -47.
7
Let f(m) = -24*m + 34. Let r be f(-7). Suppose -o - i = 457, 4*i + r = -2*o - 714. List the prime factors of -2 - o/9*18/8.
2, 7
Suppose 4*x = 3*a - 3593 - 8236, 4*x - 19747 = -5*a. List the prime factors of a.
3947
Let u(d) = 229*d**2 + 43*d + 12. List the prime factors of u(-8).
2, 3581
Let j = 89 + -84. Suppose -j*v + 6 = -714. What are the prime factors of v?
2, 3
Let y(w) = -39*w - 1. Let f be y(-5). Suppose 3*z - 922 = -91. Let o = z - f. List the prime factors of o.
83
Suppose -28 - 28 = -2*i. Suppose -4*l - 3*h = -11 + 14, -2*l - 18 = -4*h. List the prime factors of (l/2)/(i/(-1344)).
2, 3
Let b be (-1)/(-3)*(-10 - -7). List the prime factors of 5 - (-980 - (3 + b)/(-1)).
983
Let h(d) = 17*d - 8. Let m(x) = 34*x - 16. Let y(b) = -5*h(b) + 2*m(b). Suppose -46*q + 0*q - 230 = 0. What are the prime factors of y(q)?
3, 31
Suppose -114*o - 66*o + 1817460 = 0. What are the prime factors of o?
23, 439
Let w = -7449 + 17670. List the prime factors of w.
3, 3407
Let f(v) be the first derivative of 39*v**2/2 + 35*v - 133. What are the prime factors of f(22)?
19, 47
Let s be (4 - 8)*(-6)/4. List the prime factors of (57/s - 1) + 9/6.
2, 5
Let y be ((-24)/15 + 2)/((-2)/1090). List the prime factors of -2 + 0/2 - (14 + y).
2, 101
Suppose 3*z + 102 = -0*z + 3*t, 0 = 3*z + 2*t + 92. Let h = 65 + z. Let f = h + -3. List the prime factors of f.
2, 3, 5
Suppose 0*v - 2*v - 3*p = -1271, 3*v + 2*p = 1899. Suppose -6*q + v = -383. Let r = -86 + q. What are the prime factors of r?
83
Suppose -d + 2 + 3 = 0. Suppose 2*q + 0*q = 4*s + 68, -d*q = 3*s - 157. Suppose q = -2*r + 150. What are the prime factors of r?
59
Suppose -1225*m = -1212*m - 111046. What are the prime factors of m?
2, 4271
Suppose -3*j = -4*h - 3642, 3*h = 3*j - 3036 - 603. Let b = j - 665. What are the prime factors of b?
5, 109
Suppose -4*u = -5*n + 268, -5*n = -0*n. Suppose 2*k + 148 = -3*z + 451, 3*k = -4*z + 404. Let q = z + u. List the prime factors of q.
2, 17
Let c(f) = 20*f**2 + 47*f + 554. List the prime factors of c(37).
3, 7, 157
Suppose -p = 4*p, -3*y - 4*p = -17517. What are the prime factors of y?
5839
Suppose 171*q - 1049009 = 68*q + 84*q. List the prime factors of q.
13, 31, 137
Let c(y) = -85*y**3 + 3*y**2 + 7*y + 11. Let k be c(-2). Let h = k + -580. List the prime factors of h.
109
Suppose -14 + 17 = -3*a. Let i(s) = 882*s**2 - 2*s. List the prime factors of i(a).
2, 13, 17
Suppose 37*o - 1213 = -3*j + 35*o, 8 = -2*o. What are the prime factors of j?
11, 37
Suppose 124*r + 716870 = 3464834. What are the prime factors of r?
3, 83, 89
Let c(u) = 58*u - 198. Suppose -3*r - 5*z + 42 = 0, 0 = -r + 2*z - z + 6. What are the prime factors of c(r)?
2, 3
Let m = -149 + 158. Suppose 0 = -3*t - l + 673, -l = -t + 240 - m. List the prime factors of t.
2, 113
Let f(x) = -2*x + 50. Let a be f(-2). List the prime factors of ((-774)/8)/(a/(-432)).
2, 3, 43
Suppose -4*x + 9452 = -4*m, 2*x - 4*m - 4720 = m. List the prime factors of x.
5, 11, 43
Let i(v) = -v**3 - 11*v**2 - 3*v - 36. Let j be i(-11). List the prime factors of (-17178)/(-28)*(j - -1 - -4).
3, 409
Suppose 5*x + 2608 = 9*x. Let z = x + -311. List the prime factors of z.
11, 31
Suppose 10*r + 27 = 287. Suppose 38*j - r*j = 2952. List the prime factors of j.
2, 3, 41
What are the prime factors of (-39 + -8)*(-203 + 0)?
7, 29, 47
Let k = -15 - 9. Let j(d) = -7*d**2 - 27*d + 35. Let s(v) = -v**2 - v. Let q(o) = -j(o) + 6*s(o). List the prime factors of q(k).
37
Suppose 183*c - 181*c = 5*r - 90223, 0 = 3*r - 2*c - 54137. List the prime factors of r.
18043
Suppose 511 = n - m, -m + 206 + 305 = n. Let k = -181 + n. What are the prime factors of k?
2, 3, 5, 11
Let t = -29792 - -56850. What are the prime factors of t?
2, 83, 163
Let u = 39489 + -21395. What are the prime factors of u?
2, 83, 109
Let j(u) = 98*u**2 - 150*u - 870. What are the prime factors of j(-6)?
2, 3, 593
List the prime factors of (-143)/(-39)*1506 + 13.
3, 5, 41
Suppose 147*c = 1519385 + 907018 + 961359. List the prime factors of c.
2, 3, 23, 167
Let l(d) = -2*d**2 + 5*d - 57. Let z be l(15). Let k = z + 1142. What are the prime factors of k?
2, 5, 71
Suppose -3*b - 2*k + 60051 = -5151, 3*b - k = 65211. What are the prime factors of b?
2, 11, 13, 19
Suppose -3*d - 5*r - 3 = -30, 4*r - 28 = -4*d. Suppose d*t + 683 = 5*c, -3*t + 4*c = -t + 340. Let h = t + 288. What are the prime factors of h?
2, 29
Let a be (0/(25/5))/(-1). Suppose 8*p - 1919 - 2441 = a. List the prime factors of p.
5, 109
Suppose 0 = -3*t - 3*t + 168. Suppose -48 = t*a - 31*a. Suppose 6*v + a - 40 = 0. List the prime factors of v.
2
Let h be 2 - 2 - (-3 + -39). Let y = h + -40. List the prime factors of (30/15)/(y/67).
67
Let j(n) = n**3 - n**2 + 11*n - 34. Let r be j(18). List the prime factors of r/26 + ((-56)/26 - -2).
2, 109
Let s(v) = -5*v + 151*v**2 + 32 + 86*v**2 - 35. What are the prime factors of s(2)?
5, 11, 17
Let z(c) = c**2 + 27*c + 181. Let s be z(-12). Let g(d) = -d**3 - 12*d**2 - d - 3. Let l be g(-12). List the prime factors of (l + -10)*-153*s.
3, 17
Let f = -416 - -584. Suppose -m = -3*l + 246, m + 4*m + 258 = 3*l. Let s = f - l. What are the prime factors of s?
3, 29
Let r(n) be the second derivative of -7*n**3/3 + 33*n**2 - n - 7. List the prime factors of r(-4).
2, 61
Suppose 49415 = 5*n + 5*m, 39*n - 35*n - 39534 = -2*m. What are the prime factors of n?
2, 7, 353
Suppose -10 = -5*j + 3*a, -17 = -3*j - 2*a + 8. Suppose 4*q - 2*q + 1621 = 5*i, -j*i = 3*q - 1631. What are the prime factors of i?
5, 13
Suppose 2095 = s - 5*b, 2*s - 3*b - 4234 = -4*b. Suppose 11*w - s = 6*w. Suppose 5*r - w = 337. List the prime factors of r.
2, 19
Suppose 0 = 970*a - 931*a - 1104558. What are the prime factors of a?
2, 7, 17
Let l be 13/3 - 3 - (-5945)/(-15). Let a = -17 - l. Suppose -56*f + 54*f + a = 0. List the prime factors of f.
3, 7
Suppose 0*q - 3*m = -3*q + 21, -4*q = 4*m - 12. Suppose 4*w + q*x = 49, 4*w - 4*x - 39 = 1. Suppose -6*y + 449 = w. What are the prime factors of y?
73
Let n = -435 - -219. Let u = 531 + n. List the prime factors of u.
3, 5, 7
Let f be (-4)/3*(-34086)/(-4) - -2. Let t be f/(-70) - (-4)/(-14). Suppose 3*u - t - 240 = -3*q, -q = 4*u - 533. List the prime factors of u.
7, 19
What are the prime factors of (17/5)/(11/26345)?
17, 479
Let y be 816/14 - (-6)/(-21). Suppose -128 = -3*q + 5*w, -15*q = -18*q - 3*w + 168. Let h = q + y. What are the prime factors of h?
109
Let f(s) be the second derivative of -23*s**4/4 + 29*s. Let a be f(1). Let h = -64 - a. List the prime factors of h.
5
Let g = -29 + 271. Suppose 0*o + 3*o + g = n, -4*n = o - 955. List the prime factors of n.
239
Suppose 0 = -2*m + 3*s + 101037, 12*s = -3*s + 135. List the prime factors of m.
2, 3, 4211
Suppose -40*h = -42*h - 12, 4*s = -2*h + 139504. List the prime factors of s.
13, 2683
Suppose 7*a - 9 + 30 = 0. Let y = 7 + a. Suppose 4*d + 4*r = -0*r + 504, 0 = 3*d - y*r - 385. List the prime factors of d.
127
Let x = 124 + -121. Let c be -32 - 0*((x - 1) + -1). What are the prime factors of ((-4)/(c/138))/(1/8)?
2, 3, 23
Let u(m) = m**2 - 9*m + 10. Let n be u(8). Let y be (326 - n) + 0 + 1. Suppose 0*w + 5*w - y = 0. List the prime factors of w.
5, 13
Let z(v) be the second derivative of v**3 + 25*v**2/2 - 4*v + 4. List the prime factors of z(5).
5, 11
Suppose -4*i - 4*s + 8 = 0, -5*i = -4*s - 0 - 19. Suppose -26 + 140 = i*w. Let h = w + 50. List the prime factors of h.
2, 11
Suppose 3*k - 7*k + 6614 = 2*m, 4*m + 2*k -